0. Let m = 1106 + b. Is m a prime number?
True
Let u(o) be the third derivative of 9*o**5/5 + 5*o**4/24 - 2*o**3/3 - 20*o**2. Is u(1) prime?
True
Let h = -28 + 30. Is (1496/(-12))/(h/(-3)) composite?
True
Let x(r) = 35*r - 1 + 38*r - 3*r - 10*r. Let h = 12 - 11. Is x(h) a prime number?
True
Let d be 5040/28 - (1 - (2 - 2)). Suppose r = 2148 + d. Is r a prime number?
False
Suppose -k = 3*x - 21, -2*k + 5 + 2 = -x. Let v be 0 + k/(3/1). Suppose -v*r + r = -1061. Is r a composite number?
False
Let d(o) = -3*o**2 - 2*o**2 + o**3 + 3*o**2 + 6*o**2 + 2 - 5*o. Is d(-4) a prime number?
False
Let r be (21/9 + -1)*-3. Let k = r - -4. Is (-1)/((k + 3)/(-138)) prime?
False
Suppose r - 4516 = -u + 14666, 3*r = -2*u + 57551. Is r a composite number?
True
Let m = 18819 - 7240. Is m a prime number?
True
Suppose -15 = 8*k - 11*k. Suppose k*n - 10*n = 0. Suppose -a - 86 + 249 = n. Is a composite?
False
Let x(o) = -2*o - 22. Let d(f) = 3 - 12 - 3*f - 6 - 7. Let r(p) = 3*d(p) - 4*x(p). Is r(0) a prime number?
False
Let d = -1025 + 2237. Let s = d - 442. Suppose y + 4*u = 199, -4*y = u + 2*u - s. Is y a prime number?
True
Suppose 0 = -124*c + 115*c + 423. Let a be 1*(-15 - 0) - 1. Let h = a + c. Is h prime?
True
Is (1 + (-65)/(-2))*74 a prime number?
False
Let q = -42 - -77. Let a = 140 - q. Suppose 4*s + 4*z - 98 = -14, 5*s = -2*z + a. Is s a composite number?
True
Let l = 101 - -51. Suppose 3*t = -0*a + a - l, 3 = t. Is a a composite number?
True
Suppose 0 = a + 5*t + 17, -11 - 15 = -2*a + 2*t. Suppose a = 5*i - 7. Suppose 4*k + 2*x = 132, i*k - x - 70 = k. Is k a composite number?
True
Let q be ((-212)/(-16) - 0)*248. Suppose 18*t - 20*t = -q. Is t a prime number?
False
Suppose 13157 = 2*r - 8873. Is r composite?
True
Suppose 2*r + 2*d - 9 - 9 = 0, -4*r + 5*d = -63. Let v(k) = 7*k**2 + 3*k + 2. Let h be v(3). Suppose r*x - h = 10*x. Is x composite?
False
Suppose -61*z = -59*z - 1324. Is z composite?
True
Let c be 48/64 + 1031/(-4). Let w = c - -119. Let m = 149 - w. Is m a composite number?
True
Let f = -100 + -823. Let o = 1554 + f. Is o prime?
True
Let d be (4/8)/((-4)/(-1488)). Suppose d - 2598 = -4*p. Suppose 0 = -3*a + 5*k + p + 2017, 3*a + 5*k - 2570 = 0. Is a a prime number?
False
Suppose -f + 75 = 16. Is f composite?
False
Let n(y) = 254*y - 1075. Is n(59) prime?
False
Let w = -1319 - -1878. Suppose -w = 4*b + n, 1 - 2 = -n. Let c = 167 - b. Is c a composite number?
False
Suppose -92*z + 108*z - 154288 = 0. Is z a prime number?
True
Is 4*(134266/8 + (-24)/8) prime?
True
Suppose -2*r - r + 10 = d, -r - 3*d = 10. Suppose -4*o - 3399 = -5*a, o + 16 = r*o. Is a prime?
True
Let z(v) = -38*v + 3. Let q(y) = y**3 + 4*y**2 - y + 3. Let m be q(-4). Let g(b) = -b**3 + 6*b**2 + 5*b + 6. Let a be g(m). Is z(a) a prime number?
True
Suppose -4*u = 2*v - 5456, v - 1301 = 3*u - 5388. Is u a composite number?
True
Suppose 3*j + 4308 = 19899. Is j prime?
True
Let r be 0*3/(-6)*-1. Suppose 15 = 5*h + 3*z - 0*z, -3*h + 4*z - 20 = 0. Suppose h*j + 2*j - 692 = r. Is j a composite number?
True
Let l = 123 - -144. Suppose -m + 178 = -l. Is m composite?
True
Let z(r) = -236*r - 28. Let h be z(23). Is 1*-1 + h/(48/(-6)) a composite number?
True
Suppose y - 3108 = x, x - 6225 = -6*y + 4*y. Suppose 3*k - y = -0*k. Is k a composite number?
True
Let o be -6*5/(-15)*-25. Is (-1206)/(-10) + (-20)/o a composite number?
True
Suppose -14047 = -5*p + 10608. Is p a composite number?
False
Suppose 18006 + 43101 = 3*j + 3*t, 3*t + 20369 = j. Is j composite?
False
Suppose -162 = -2*s + s + y, 150 = s + 5*y. Let t = 459 - s. Is t prime?
False
Let t = 99899 - 52692. Is t a composite number?
False
Suppose 4*w = -4*d + 16456, -w = -2*w - 5*d + 4134. Is w prime?
False
Let z(b) = -4 + 247*b - 75*b + 236*b. Let t be z(3). Is (t/6)/((-4)/(-6)) composite?
True
Let b be (-1)/(28/10 - 3). Suppose -n + 6*n = -b. Is n + 4 - (-43)/1 composite?
True
Let t(k) = -k**3 - 3*k**2 - 3*k - 1. Let s be t(-2). Is (1 - 3118)*s/(-3) composite?
False
Suppose 396 - 112 = 4*w. Let u = w - -18. Is u prime?
True
Let u(j) = 2159*j**2 + 6*j - 7. Is u(2) a prime number?
True
Let a = -9578 + 5320. Let b = 6057 + a. Is b composite?
True
Suppose v = 22786 + 50211. Is v prime?
True
Let z(x) = -122*x + 53. Is z(-3) a prime number?
True
Suppose 21956 = 5*s + b, -3*s + 4*s = 2*b + 4389. Is s composite?
False
Let x(v) = -v**3 + 8*v**2 + 8*v + 13. Let y be x(9). Suppose 0*w - y*w + 32 = -2*r, 0 = 4*w + 3*r - 12. Is 76 - w - (4 - 1) composite?
False
Suppose -5*t = 3*j - 24779, -4*j = -j + 4*t - 24781. Is j a composite number?
False
Suppose -25*k + 17606 = -23*k. Is k prime?
True
Suppose -15 = -4*n - 7. Let i(z) = 2*z - 3*z**n + 3*z - 2*z - 7*z**3. Is i(-5) prime?
False
Let x = 43417 + -1278. Is x prime?
True
Let u = -886 - -1631. Let z(a) = 18*a**3 - 3*a**2 - a - 4. Let y be z(3). Let f = u - y. Is f a composite number?
False
Suppose 2*t = 8*t. Suppose -b + 5 + 1 = t. Suppose -11080 = -5*d - 5*s, 2*d - b*d - 5*s = -8867. Is d a prime number?
True
Suppose 52*q - 97481 - 268859 = 0. Is q a composite number?
True
Suppose -89 = 4*p - 43701. Is p prime?
True
Let k be (-4)/10 - (-492)/30. Suppose 2946 = k*f - 1262. Is f prime?
True
Let o(g) = -g**3 + 6*g**2 + g + 2. Let r be o(6). Suppose -r*w = -2*w - 402. Is w a prime number?
True
Let y = 18 + -16. Suppose 0 = u - 5 - y. Suppose -u - 5 = -4*c. Is c prime?
True
Is (-7 + -1200)/(2*(-2)/4) composite?
True
Let o(w) = -w**3 - 4*w**2 + 6*w + 4. Let p be o(-14). Suppose -4*z - 3*n + 2555 = 0, 3*z - 3*n = 2*n + p. Is z composite?
True
Suppose 4*a + 4*h = 293388, -3*a + 142436 = -2*h - 77625. Is a composite?
False
Suppose -5*q - 4*m = -925 - 1539, 1000 = 2*q - 2*m. Let o = -170 + 688. Suppose -4*v + 3*y = -o, 5*v - 5*y - q = 149. Is v a prime number?
True
Let w = 70262 + -49501. Is w a composite number?
True
Let g(w) be the first derivative of w**4/6 - w**3/6 + 13*w**2/2 - 3*w - 6. Let q(s) be the first derivative of g(s). Is q(10) a composite number?
True
Let s(h) = -2519*h - 16. Is s(-1) prime?
True
Let p be 1/((-2)/(-88)*2). Let l = p - 26. Is ((-22)/l)/((-21)/(-42)) composite?
False
Suppose 103*z - 106*z + 1623 = 0. Is z a prime number?
True
Let l be (-2)/5 + (-109015)/25. Let r = l + 7484. Suppose 837 = -6*u + r. Is u a prime number?
False
Suppose -142772 = 6*g - 10*g. Is g a prime number?
False
Suppose r + 3*j + 0*j = -1, 0 = 2*r + 4*j. Suppose 0 = r*f - 696 + 250. Is f a composite number?
False
Suppose -4*x = -67238 - 59830. Is x composite?
True
Let m = 274 + -27. Is m a composite number?
True
Let w = 7116 + 6869. Is w a composite number?
True
Let w(i) = -194 + 434 + 134*i - 216. Is w(5) prime?
False
Let q(c) = -6*c**3 + 8*c**2 + 8*c + 7. Let v(j) = -j**2 - 7*j + 24. Let w be v(-10). Is q(w) a prime number?
True
Suppose -5*r + 4*i = -303 - 442, -5*r = 5*i - 790. Suppose 5*k = -77 - r. Is (-9 - -8)/(2/k) a composite number?
False
Let a = -21 + 31. Suppose 4*j - 2*c = -7*c + a, -j - c = -2. Is j + (-3 - -159) - 1 a composite number?
True
Let v(y) = 31*y + 1. Let l be v(4). Suppose l = 3*x - 115. Let d = x - 46. Is d a composite number?
True
Let m(k) = 267*k**2 - 31*k + 44. Is m(10) a prime number?
False
Suppose -3096 = -4*o - 5*d, 18*o - 15*o - 2303 = d. Is o a prime number?
True
Suppose 2*f + 12 = 4*f. Let p be f/(-24) + 173/4. Let n = -24 + p. Is n a composite number?
False
Suppose 17*c = -2*n + 19*c + 71354, n + 4*c = 35662. Is n composite?
True
Suppose 0 = -2*k + 7 - 1. Suppose 0 = 4*x - b - k*b - 7024, -3*x + 5283 = 2*b. Let r = -858 + x. Is r prime?
False
Suppose -6*p + 2*c = -2*p + 102, -5*p = 2*c + 150. Is (-2018)/4*(p - -26) prime?
True
Let l(m) = 245*m + 1. Is l(6) composite?
False
Let z(q) = 19*q**2 + 13*q - 187. Is z(10) prime?
False
Let x be (-35)/(-2) + (-12)/(-8). Let v = x + -13. Suppose -v*m - 3*u = -3*m - 12, 0 = 4*u - 4. Is m a prime number?
True
Let r = 17 - 11. Suppose 26 = 5*c + 4*m - 4, r = -2*c + 2*m. Suppose w = c*w - 2*f - 321, -w - 5*f + 307 = 0. Is w a composite number?
False
Let d be -165*(4 + (-16)/3). Let j = d - 153. Is j a prime number?
True
Suppose 4*f + 1122 - 30 = 0. Let q = 760 + f. Is q prime?
True
Let i(t) = 8*t**2 - 2*t + 13. Let l = -1 + -6. Is i(l) a prime number?
True
Suppose 555*f = 538*f + 132889. Is f composite?
False
Suppose 0 = b - 28 + 26. 